 the tens digit of 2904583746?
4
What is the thousands digit of 964502437?
2
What is the hundred thousands digit of 3611414952?
4
What is the millions digit of 38927625?
8
What is the thousands digit of 3382510?
2
What is the ten thousands digit of 556284710?
8
What is the ten thousands digit of 633217124?
1
What is the thousands digit of 3045293?
5
What is the millions digit of 7609936?
7
What is the hundreds digit of 598162510?
5
What is the tens digit of 91047860?
6
What is the millions digit of 4351256620?
1
What is the tens digit of 45080343?
4
What is the ten millions digit of 31103280?
3
What is the thousands digit of 31680817?
0
What is the units digit of 59406086?
6
What is the hundreds digit of 8817933?
9
What is the hundred millions digit of 4487222465?
4
What is the tens digit of 1400619106?
0
What is the millions digit of 61771443?
1
What is the hundreds digit of 67733726?
7
What is the hundreds digit of 206933151?
1
What is the units digit of 1842560248?
8
What is the thousands digit of 918941200?
1
What is the ten thousands digit of 5651281537?
8
What is the thousands digit of 722176206?
6
What is the units digit of 133241698?
8
What is the millions digit of 1697062631?
7
What is the millions digit of 10859717?
0
What is the ten millions digit of 31148320?
3
What is the thousands digit of 108153034?
3
What is the hundred millions digit of 147719070?
1
What is the ten thousands digit of 57202388?
0
What is the ten millions digit of 2182545037?
8
What is the millions digit of 88936062?
8
What is the units digit of 1238298793?
3
What is the units digit of 221859186?
6
What is the units digit of 322922691?
1
What is the hundreds digit of 1712079906?
9
What is the millions digit of 38243300?
8
What is the thousands digit of 248184512?
4
What is the hundreds digit of 88568449?
4
What is the ten thousands digit of 20128133?
2
What is the millions digit of 115104372?
5
What is the hundred millions digit of 142769345?
1
What is the hundreds digit of 42227872?
8
What is the tens digit of 141915305?
0
What is the units digit of 290746601?
1
What is the ten thousands digit of 1813325288?
2
What is the thousands digit of 88684864?
4
What is the hundred millions digit of 768968458?
7
What is the hundreds digit of 48822678?
6
What is the ten millions digit of 1283140245?
8
What is the thousands digit of 132057236?
7
What is the tens digit of 1296499267?
6
What is the hundred millions digit of 120462429?
1
What is the ten millions digit of 379940412?
7
What is the units digit of 19764487?
7
What is the ten millions digit of 4282622562?
8
What is the ten thousands digit of 658621275?
2
What is the tens digit of 116390224?
2
What is the hundred millions digit of 4305776362?
3
What is the ten millions digit of 186776886?
8
What is the ten millions digit of 92258821?
9
What is the ten millions digit of 948776334?
4
What is the hundred thousands digit of 146982279?
9
What is the millions digit of 2512095668?
2
What is the hundred thousands digit of 318139698?
1
What is the thousands digit of 224661425?
1
What is the millions digit of 3607088966?
7
What is the ten millions digit of 1483834128?
8
What is the units digit of 1593360?
0
What is the hundred millions digit of 140715405?
1
What is the tens digit of 49219110?
1
What is the units digit of 3139604231?
1
What is the ten thousands digit of 117631382?
3
What is the thousands digit of 4192833057?
3
What is the billions digit of 1357392978?
1
What is the hundred millions digit of 470172420?
4
What is the billions digit of 1463277458?
1
What is the hundred thousands digit of 1869427043?
4
What is the thousands digit of 161695423?
5
What is the ten millions digit of 110589722?
1
What is the ten millions digit of 235038824?
3
What is the millions digit of 1685318041?
5
What is the hundred thousands digit of 66226140?
2
What is the hundreds digit of 28050282?
2
What is the thousands digit of 112323848?
3
What is the billions digit of 3362379169?
3
What is the ten millions digit of 36200390?
3
What is the hundred thousands digit of 186708622?
7
What is the ten thousands digit of 401676130?
7
What is the millions digit of 242190130?
2
What is the millions digit of 3594524515?
4
What is the hundred millions digit of 432697976?
4
What is the thousands digit of 83385265?
5
What is the tens digit of 1876724687?
8
What is the hundreds digit of 237114239?
2
What is the tens digit of 328867180?
8
What is the tens digit of 1155624397?
9
What is the tens digit of 415909683?
8
What is the tens digit of 27480671?
7
What is the units digit of 674152378?
8
What is the millions digit of 1924800?
1
What is the hundred thousands digit of 41900866?
9
What is the ten millions digit of 52090891?
5
What is the millions digit of 983743733?
3
What is the hundred thousands digit of 33332732?
3
What is the thousands digit of 4363141046?
1
What is the units digit of 665846590?
0
What is the thousands digit of 6742962796?
2
What is the units digit of 3728440259?
9
What is the ten millions digit of 481458578?
8
What is the millions digit of 11895844?
1
What is the ten thousands digit of 1556311312?
1
What is the ten millions digit of 167107118?
6
What is the thousands digit of 62106939?
6
What is the millions digit of 828908995?
8
What is the hundred millions digit of 1052965530?
0
What is the ten thousands digit of 3278153163?
5
What is the hundreds digit of 2338887375?
3
What is the thousands digit of 47652340?
2
What is the units digit of 334230983?
3
What is the hundred thousands digit of 4343691?
3
What is the thousands digit of 56283045?
3
What is the tens digit of 807041209?
0
What is the hundred millions digit of 1396847023?
3
What is the ten thousands digit of 3307563517?
6
What is the millions digit of 101118737?
1
What is the hundred thousands digit of 210277837?
2
What is the units digit of 219737024?
4
What is the ten thousands digit of 226024339?
2
What is the millions digit of 259636332?
9
What is the millions digit of 41987565?
1
What is the hundred thousands digit of 22675826?
6
What is the thousands digit of 3288349021?
9
What is the billions digit of 2943741264?
2
What is the ten thousands digit of 441767021?
6
What is the millions digit of 572330799?
2
What is the ten thousands digit of 38379536?
7
What is the ten millions digit of 323681159?
2
What is the units digit of 62292099?
9
What is the ten thousands digit of 106345895?
4
What is the units digit of 1317963589?
9
What is the millions digit of 103351881?
3
What is the hundred millions digit of 2179281837?
1
What is the units digit of 1124137608?
8
What is the hundred thousands digit of 112600038?
6
What is the hundred thousands digit of 111791872?
7
What is the millions digit of 52433193?
2
What is the millions digit of 190298987?
0
What is the tens digit of 44914893?
9
What is the units digit of 147015538?
8
What is the millions digit of 130151322?
0
What is the millions digit of 634268708?
4
What is the ten millions digit of 50167445?
5
What is the millions digit of 10208308?
0
What is the units digit of 13618249?
9
What is the hundred millions digit of 549871778?
5
What is the ten thousands digit of 46165660?
6
What is the millions digit of 52100830?
2
What is the thousands digit of 512977916?
7
What is the billions digit of 1389499046?
1
What is the tens digit of 81218830?
3
What is the thousands digit of 132354481?
4
What is the ten millions digit of 100066342?
0
What is the thousands digit of 33590346?
0
What is the units digit of 68145751?
1
What is the hundred thousands digit of 716533375?
5
What is the units digit of 44519120?
0
What is the hundred thousands digit of 8403047887?
0
What is the hundred millions digit of 225720759?
2
What is the hundred thousands digit of 1097482475?
4
What is the tens digit of 38169996?
9
What is the hundreds digit of 291361726?
7
What is the tens digit of 61502259?
5
What is the millions digit of 43953875?
3
What is the hundreds digit of 1552337035?
0
What is the tens digit of 198905738?
3
What is the millions digit of 13981532?
3
What is the ten millions digit of 1595726748?
9
What is the tens digit of 69826345?
4
What is the billions digit of 1927883091?
1
What is the tens digit of 118708310?
1
What is the 